{"id":3255,"date":"2024-07-23T16:15:34","date_gmt":"2024-07-23T16:15:34","guid":{"rendered":"https:\/\/www.kappadev.fr\/htt_old\/?page_id=3255"},"modified":"2024-07-27T08:21:26","modified_gmt":"2024-07-27T08:21:26","slug":"week-end-bikeuses","status":"publish","type":"page","link":"https:\/\/www.kappadev.fr\/htt_old\/week-end-bikeuses\/","title":{"rendered":"WEEK-END BIKEUSES"},"content":{"rendered":"\n<figure class=\"wp-block-image size-large\"><a href=\"https:\/\/www.kappadev.fr\/htt_old\/files\/2024\/07\/WeekendBikeuses.png.png\"><img loading=\"lazy\" decoding=\"async\" width=\"724\" height=\"1024\" src=\"https:\/\/www.kappadev.fr\/htt_old\/files\/2024\/07\/WeekendBikeuses.png-724x1024.png\" alt=\"\" class=\"wp-image-3250\" srcset=\"https:\/\/www.kappadev.fr\/htt_old\/files\/2024\/07\/WeekendBikeuses.png-724x1024.png 724w, https:\/\/www.kappadev.fr\/htt_old\/files\/2024\/07\/WeekendBikeuses.png-212x300.png 212w, https:\/\/www.kappadev.fr\/htt_old\/files\/2024\/07\/WeekendBikeuses.png-768x1086.png 768w, https:\/\/www.kappadev.fr\/htt_old\/files\/2024\/07\/WeekendBikeuses.png-1086x1536.png 1086w, https:\/\/www.kappadev.fr\/htt_old\/files\/2024\/07\/WeekendBikeuses.png.png 1414w\" sizes=\"auto, (max-width: 724px) 100vw, 724px\" \/><\/a><\/figure>\n\n\n\n\n\n<p class=\"has-text-align-center\"><strong>HTT vous propose un week-end 100% filles pour d\u00e9couvrir le Bike Park des Orres, et profiter des plus beaux paysages de l\u2019Embrunais pendant une descente en vall\u00e9e jusqu\u2019au lac, avec baignade \u00e0 la cl\u00e9.&nbsp;<\/strong><\/p>\n\n\n\n<p class=\"has-text-align-center\"><strong> Encadrement assur\u00e9 par une monitrice.<\/strong><\/p>\n\n\n\n<p>Un week-end pour : Partager un moment convivial entre filles et se faire plaisir ; Acqu\u00e9rir les bases du pilotage pour se sentir en confiance ;&nbsp; Acqu\u00e9rir une certaine autonomie sur son v\u00e9lo<\/p>\n\n\n\n<p>\u00a0<\/p>\n<p><strong>\u00a0 \u00a0 \u00a0 \u00a0 \u00a0 \u00a0 \u00a0 \u00a0 \u00a0 \u00a0 \u00a0 \u00a0 \u00a0 \u00a0 \u00a0 \u00a0 \u00a0 \u00a0 \u00a0 \u00a0 \u00a0 \u00a0 \u00a0 \u00a0 \u00a0 \u00a0 \u00a0 \u00a0 \u00a0 \u00a0 \u00a0 \u00a0 \u00a0 \u00a0 \u00a0 \u00a0 190\u20ac\/pers Forfaits et Navette Offerts<\/strong><\/p>\n<p>\u00a0<\/p>\n\n\n\n<p><strong><em>Programme :<\/em><\/strong><\/p>\n\n\n\n<p><strong><em>Samedi 17 ao\u00fbt : journ\u00e9e VTT au bike Park des Orres<\/em><\/strong><\/p>\n\n\n\n<p>Accueil le matin d\u00e8s&nbsp;<strong>8h45<\/strong>&nbsp;caf\u00e9, pr\u00e9sentation entre les participantes et votre monitrice pour le week-end.<\/p>\n\n\n\n<p>D\u00e9part 9h sur le bike Park.<\/p>\n\n\n\n<p>Ateliers techniques pour acqu\u00e9rir les bases du pilotage.<\/p>\n\n\n\n<p>Une matin\u00e9e pour se mettre en confiance et se sentir en s\u00e9curit\u00e9 pour d\u00e9valer les pistes en tout s\u00e9r\u00e9nit\u00e9. Mise en pratique sur le bike Park jusqu\u2019\u00e0 12h30.<\/p>\n\n\n\n<p><br>Pause 1h30 le midi&nbsp;<br><br>Reprise \u00e0 partir de 14h : \u00e0 la d\u00e9couverte du bike Park ! Un maximum de pistes et de plaisir tout en se laissant guider.<\/p>\n\n\n\n<p>Fin de journ\u00e9e : 17-17h30 petit d\u00e9briefing de la journ\u00e9e et rapides notions de m\u00e9canique\/v\u00e9rification des v\u00e9los&nbsp;<\/p>\n\n\n\n<p><strong><em>Dimanche 18 ao\u00fbt : du sommet jusqu\u2019en vall\u00e9e&nbsp;<\/em><\/strong><\/p>\n\n\n\n<p><em>(D\u00e9part \u00e0 la journ\u00e9e, pique nique \u00e0 pr\u00e9voir)<\/em><\/p>\n\n\n\n<p>\u00c0 partir de 9h : d\u00e9part sur le bike Park ; derni\u00e8re remont\u00e9e avant d\u2019attaquer une longue et belle descente jusqu\u2019\u00e0 Embrun.<\/p>\n\n\n\n<p>Au programme ; plaisir, convivialit\u00e9 et fun au milieu des plus beaux paysages du lac de Serre Pon\u00e7on.<\/p>\n\n\n\n<p>Le p\u2019tit + : la baignade \u00e0 l\u2019arriv\u00e9e&nbsp;<\/p>\n\n\n\n<p>Remont\u00e9e en&nbsp;<strong>navette<\/strong>&nbsp;jusqu\u2019aux Orres \u00e0&nbsp;<strong>16h30<\/strong>.<\/p>\n<p>&nbsp;<\/p>\n\n\n<div class=\"wp-block-image\">\n<figure class=\"aligncenter size-full\"><a href=\"https:\/\/activiteez.com\/u\/72957525542005?minisitePref=classic&amp;summary=WEEK-END%20BIKEUSES&amp;noTarget=true&amp;search=false&amp;permanent=hide&amp;bookable=only\"><img loading=\"lazy\" decoding=\"async\" width=\"243\" height=\"44\" src=\"https:\/\/www.kappadev.fr\/htt_old\/files\/2020\/04\/resa-bouton.png\" alt=\"\" class=\"wp-image-2607\" \/><\/a><\/figure>\n<\/div>\n\n\n\n","protected":false},"excerpt":{"rendered":"<p>HTT vous propose un week-end 100% filles pour d\u00e9couvrir le Bike Park des Orres, et profiter des plus beaux paysages de l\u2019Embrunais pendant une descente en vall\u00e9e jusqu\u2019au lac, avec baignade \u00e0 la cl\u00e9.&nbsp; Encadrement assur\u00e9 par une monitrice. Un week-end pour : Partager un moment convivial entre filles et se faire plaisir ; Acqu\u00e9rir les bases du pilotage pour se sentir en confiance ;&nbsp; Acqu\u00e9rir une certaine autonomie sur son v\u00e9lo \u00a0 \u00a0 \u00a0 \u00a0 \u00a0 \u00a0 \u00a0 \u00a0 \u00a0 \u00a0 \u00a0 \u00a0 \u00a0 \u00a0 \u00a0 \u00a0 \u00a0 \u00a0 \u00a0 \u00a0 \u00a0 \u00a0 \u00a0 \u00a0 \u00a0 \u00a0 \u00a0 \u00a0Read more<\/p>\n","protected":false},"author":62,"featured_media":0,"parent":0,"menu_order":0,"comment_status":"closed","ping_status":"closed","template":"","meta":{"footnotes":""},"class_list":["post-3255","page","type-page","status-publish","hentry"],"_links":{"self":[{"href":"https:\/\/www.kappadev.fr\/htt_old\/wp-json\/wp\/v2\/pages\/3255","targetHints":{"allow":["GET"]}}],"collection":[{"href":"https:\/\/www.kappadev.fr\/htt_old\/wp-json\/wp\/v2\/pages"}],"about":[{"href":"https:\/\/www.kappadev.fr\/htt_old\/wp-json\/wp\/v2\/types\/page"}],"author":[{"embeddable":true,"href":"https:\/\/www.kappadev.fr\/htt_old\/wp-json\/wp\/v2\/users\/62"}],"replies":[{"embeddable":true,"href":"https:\/\/www.kappadev.fr\/htt_old\/wp-json\/wp\/v2\/comments?post=3255"}],"version-history":[{"count":0,"href":"https:\/\/www.kappadev.fr\/htt_old\/wp-json\/wp\/v2\/pages\/3255\/revisions"}],"wp:attachment":[{"href":"https:\/\/www.kappadev.fr\/htt_old\/wp-json\/wp\/v2\/media?parent=3255"}],"curies":[{"name":"wp","href":"https:\/\/api.w.org\/{rel}","templated":true}]}}

<figure class="wp-block-image size-large"><a href="https://www.kappadev.fr/htt_old/files/2024/07/WeekendBikeuses.png.png"><img loading="lazy" decoding="async" width="724" height="1024" src="https://www.kappadev.fr/htt_old/files/2024/07/WeekendBikeuses.png-724x1024.png" alt="" class="wp-image-3250" srcset="https://www.kappadev.fr/htt_old/files/2024/07/WeekendBikeuses.png-724x1024.png 724w, https://www.kappadev.fr/htt_old/files/2024/07/WeekendBikeuses.png-212x300.png 212w, https://www.kappadev.fr/htt_old/files/2024/07/WeekendBikeuses.png-768x1086.png 768w, https://www.kappadev.fr/htt_old/files/2024/07/WeekendBikeuses.png-1086x1536.png 1086w, https://www.kappadev.fr/htt_old/files/2024/07/WeekendBikeuses.png.png 1414w" sizes="auto, (max-width: 724px) 100vw, 724px" /></a></figure>





<p class="has-text-align-center"><strong>HTT vous propose un week-end 100% filles pour découvrir le Bike Park des Orres, et profiter des plus beaux paysages de l’Embrunais pendant une descente en vallée jusqu’au lac, avec baignade à la clé.&nbsp;</strong></p>



<p class="has-text-align-center"><strong> Encadrement assuré par une monitrice.</strong></p>



<p>Un week-end pour : Partager un moment convivial entre filles et se faire plaisir ; Acquérir les bases du pilotage pour se sentir en confiance ;&nbsp; Acquérir une certaine autonomie sur son vélo</p>



<p> </p>
<p><strong>                                                                        190€/pers Forfaits et Navette Offerts</strong></p>
<p> </p>



<p><strong><em>Programme :</em></strong></p>



<p><strong><em>Samedi 17 août : journée VTT au bike Park des Orres</em></strong></p>



<p>Accueil le matin dès&nbsp;<strong>8h45</strong>&nbsp;café, présentation entre les participantes et votre monitrice pour le week-end.</p>



<p>Départ 9h sur le bike Park.</p>



<p>Ateliers techniques pour acquérir les bases du pilotage.</p>



<p>Une matinée pour se mettre en confiance et se sentir en sécurité pour dévaler les pistes en tout sérénité. Mise en pratique sur le bike Park jusqu’à 12h30.</p>



<p><br>Pause 1h30 le midi&nbsp;<br><br>Reprise à partir de 14h : à la découverte du bike Park ! Un maximum de pistes et de plaisir tout en se laissant guider.</p>



<p>Fin de journée : 17-17h30 petit débriefing de la journée et rapides notions de mécanique/vérification des vélos&nbsp;</p>



<p><strong><em>Dimanche 18 août : du sommet jusqu’en vallée&nbsp;</em></strong></p>



<p><em>(Départ à la journée, pique nique à prévoir)</em></p>



<p>À partir de 9h : départ sur le bike Park ; dernière remontée avant d’attaquer une longue et belle descente jusqu’à Embrun.</p>



<p>Au programme ; plaisir, convivialité et fun au milieu des plus beaux paysages du lac de Serre Ponçon.</p>



<p>Le p’tit + : la baignade à l’arrivée&nbsp;</p>



<p>Remontée en&nbsp;<strong>navette</strong>&nbsp;jusqu’aux Orres à&nbsp;<strong>16h30</strong>.</p>
<p>&nbsp;</p>


<div class="wp-block-image">
<figure class="aligncenter size-full"><a href="https://activiteez.com/u/72957525542005?minisitePref=classic&amp;summary=WEEK-END%20BIKEUSES&amp;noTarget=true&amp;search=false&amp;permanent=hide&amp;bookable=only"><img loading="lazy" decoding="async" width="243" height="44" src="https://www.kappadev.fr/htt_old/files/2020/04/resa-bouton.png" alt="" class="wp-image-2607" /></a></figure>
</div>

<p>HTT vous propose un week-end 100% filles pour découvrir le Bike Park des Orres, et profiter des plus beaux paysages de l’Embrunais pendant une descente en vallée jusqu’au lac, avec baignade à la clé.&nbsp; Encadrement assuré par une monitrice. Un week-end pour : Partager un moment convivial entre filles et se faire plaisir ; Acquérir les bases du pilotage pour se sentir en confiance ;&nbsp; Acquérir une certaine autonomie sur son vélo                                                        Read more</p>
