{"id":3133,"date":"2023-06-25T13:41:18","date_gmt":"2023-06-25T13:41:18","guid":{"rendered":"https:\/\/www.kappadev.fr\/htt_old\/?page_id=3133"},"modified":"2024-06-03T17:21:17","modified_gmt":"2024-06-03T17:21:17","slug":"preparation-tep-2","status":"publish","type":"page","link":"https:\/\/www.kappadev.fr\/htt_old\/preparation-tep-2\/","title":{"rendered":"PREPARATION TEP"},"content":{"rendered":"\n<h1><strong>PREPARATION TEP<\/strong><\/h1>\n<p><b>VOUS VOULEZ DEVENIR MONITEURS ?<\/b><\/p>\n<p><span style=\"font-weight: 400\">HORIZONS TOUT TERRAIN <\/span><span style=\"font-weight: 400\">VOUS PROPOSE UN\u00a0 STAGE DE PREPARATION AU TEP<\/span><\/p>\n<p><i><span style=\"font-weight: 400\">3 jours de stage intensif afin de vous pr\u00e9parer au TEP.<\/span><\/i><\/p>\n<p><i><span style=\"font-weight: 400\">Stage encadr\u00e9 par un moniteur dipl\u00f4m\u00e9 d\u2019Etat,\u00a0 formateur, ouvreur national du module DH.<\/span><\/i><\/p>\n<p><i><span style=\"font-weight: 400\">Cette formation aura pour but de vous \u00e9clairer sur les \u00e9preuves et le niveau requis afin de pouvoir aborder sereinement cet examen d\u2019entr\u00e9e en formation.<\/span><\/i><\/p>\n\n\n\n\n\n<figure class=\"wp-block-image size-large\"><a href=\"https:\/\/www.kappadev.fr\/htt_old\/files\/2023\/06\/6W6A8151-1.jpg\"><img loading=\"lazy\" decoding=\"async\" width=\"1024\" height=\"683\" src=\"https:\/\/www.kappadev.fr\/htt_old\/files\/2023\/06\/6W6A8151-1-1024x683.jpg\" alt=\"\" class=\"wp-image-3134\" srcset=\"https:\/\/www.kappadev.fr\/htt_old\/files\/2023\/06\/6W6A8151-1-1024x683.jpg 1024w, https:\/\/www.kappadev.fr\/htt_old\/files\/2023\/06\/6W6A8151-1-300x200.jpg 300w, https:\/\/www.kappadev.fr\/htt_old\/files\/2023\/06\/6W6A8151-1-768x512.jpg 768w, https:\/\/www.kappadev.fr\/htt_old\/files\/2023\/06\/6W6A8151-1-1536x1024.jpg 1536w, https:\/\/www.kappadev.fr\/htt_old\/files\/2023\/06\/6W6A8151-1-2048x1366.jpg 2048w\" sizes=\"auto, (max-width: 1024px) 100vw, 1024px\" \/><\/a><\/figure>\n\n\n\n\n\n<p><b>-J1 matin<\/b><span style=\"font-weight: 400\">\u00a0: (8h30-12h)<\/span><\/p>\n<p><span style=\"font-weight: 400\">Accueil caf\u00e9, pr\u00e9sentation de la structure HTT. Pr\u00e9sentation des pilotes et de leurs attentes.\u00a0<\/span><\/p>\n<p><span style=\"font-weight: 400\">Pr\u00e9sentation des attentes des TEP.<\/span><\/p>\n<p><span style=\"font-weight: 400\">Pr\u00e9sentation du mat\u00e9riel demand\u00e9 est conseill\u00e9 pour les TEP.\u00a0<\/span><\/p>\n<p><span style=\"font-weight: 400\">pr\u00e9sentation du m\u00e9tier des diff\u00e9rents dipl\u00f4mes actuels.<\/span><\/p>\n<p><span style=\"font-weight: 400\">&#8211;\u00a0<\/span><b>J1 apr\u00e8s-midi<\/b><span style=\"font-weight: 400\">\u00a0: (14h-17h)<\/span><\/p>\n<p><span style=\"font-weight: 400\">Exercices de maniabilit\u00e9 trial\u00a0<\/span><\/p>\n<p>\u00a0<\/p>\n<p><span style=\"font-weight: 400\">&#8211;<\/span><b>J2 matin<\/b><span style=\"font-weight: 400\">\u00a0: (9h-12h)<\/span><\/p>\n<p><span style=\"font-weight: 400\">Exercices de maniabilit\u00e9 trial.<\/span><\/p>\n<p><span style=\"font-weight: 400\">&#8211;\u00a0<\/span><b>J2 apr\u00e8s-midi<\/b><span style=\"font-weight: 400\">\u00a0: (13h30-17h)<\/span><\/p>\n<p><span style=\"font-weight: 400\">Les bases de l&rsquo;orientation \/ mise en pratique ( recherche de balises )<\/span><\/p>\n<p>\u00a0<\/p>\n<p><span style=\"font-weight: 400\">&#8211;\u00a0<\/span><b>J3 matin\u00a0<\/b><span style=\"font-weight: 400\">\u00a0: (9h-12h)<\/span><\/p>\n<p><span style=\"font-weight: 400\">Trial mise en situation d&rsquo;examen 2 zones<\/span><\/p>\n<p><span style=\"font-weight: 400\">&#8211;\u00a0<\/span><b>J3 apr\u00e8s-midi<\/b><span style=\"font-weight: 400\">\u00a0:\u00a0 (13h-16h30)<\/span><\/p>\n<p><span style=\"font-weight: 400\">DH reconnaissance de trajectoire \/ chrono<\/span><\/p>\n<p><span style=\"font-weight: 400\">&#8211;\u00a0<\/span><b>J3 fin de journ\u00e9e<\/b><span style=\"font-weight: 400\">\u00a0:\u00a0<\/span><\/p>\n<p><span style=\"font-weight: 400\">bilan individuel \/ ressenti pilotes.\u00a0<\/span><b>(15 min)<\/b><\/p>\n<p>\u00a0<\/p>\n<p><span style=\"font-weight: 400\">Co\u00fbt par personne :\u00a0<\/span><b>285\u20ac (D\u00e9part assur\u00e9 avec 4 personnes)<\/b><\/p>\n<p>\u00a0<\/p>\n<p><strong>\u00a0 \u00a0 \u00a0 \u00a0 \u00a0 \u00a0 \u00a0 \u00a0 \u00a0 \u00a0 \u00a0 \u00a0 \u00a0 \u00a0 \u00a0 \u00a0 \u00a0 \u00a0 \u00a0 \u00a0 \u00a0 \u00a0 \u00a0 \u00a0 \u00a0 \u00a0Date : 8-9-10 juillet 2024<\/strong><\/p>\n<p>\u00a0<\/p>\n\n\n\n<figure class=\"wp-block-image size-full is-resized\"><a href=\"https:\/\/activiteez.com\/u\/72957525542005?minisitePref=classic&amp;summary=PREPA%20TEP&amp;noTarget=true&amp;search=false&amp;permanent=hide&amp;bookable=only\"><img loading=\"lazy\" decoding=\"async\" width=\"243\" height=\"44\" src=\"https:\/\/www.kappadev.fr\/htt_old\/files\/2020\/04\/resa-bouton.png\" alt=\"\" class=\"wp-image-2607\" style=\"width:293px;height:53px\" \/><\/a><\/figure>\n","protected":false},"excerpt":{"rendered":"<p>PREPARATION TEP VOUS VOULEZ DEVENIR MONITEURS ? HORIZONS TOUT TERRAIN VOUS PROPOSE UN\u00a0 STAGE DE PREPARATION AU TEP 3 jours de stage intensif afin de vous pr\u00e9parer au TEP. Stage encadr\u00e9 par un moniteur dipl\u00f4m\u00e9 d\u2019Etat,\u00a0 formateur, ouvreur national du module DH. Cette formation aura pour but de vous \u00e9clairer sur les \u00e9preuves et le niveau requis afin de pouvoir aborder sereinement cet examen d\u2019entr\u00e9e en formation. -J1 matin\u00a0: (8h30-12h) Accueil caf\u00e9, pr\u00e9sentation de la structure HTT. Pr\u00e9sentation des pilotes et de leurs attentes.\u00a0 Pr\u00e9sentation des attentes des TEP. Pr\u00e9sentation du mat\u00e9riel demand\u00e9 est conseill\u00e9 pour les TEP.\u00a0 pr\u00e9sentation duRead more<\/p>\n","protected":false},"author":62,"featured_media":0,"parent":0,"menu_order":0,"comment_status":"closed","ping_status":"closed","template":"","meta":{"footnotes":""},"class_list":["post-3133","page","type-page","status-publish","hentry"],"_links":{"self":[{"href":"https:\/\/www.kappadev.fr\/htt_old\/wp-json\/wp\/v2\/pages\/3133","targetHints":{"allow":["GET"]}}],"collection":[{"href":"https:\/\/www.kappadev.fr\/htt_old\/wp-json\/wp\/v2\/pages"}],"about":[{"href":"https:\/\/www.kappadev.fr\/htt_old\/wp-json\/wp\/v2\/types\/page"}],"author":[{"embeddable":true,"href":"https:\/\/www.kappadev.fr\/htt_old\/wp-json\/wp\/v2\/users\/62"}],"replies":[{"embeddable":true,"href":"https:\/\/www.kappadev.fr\/htt_old\/wp-json\/wp\/v2\/comments?post=3133"}],"version-history":[{"count":0,"href":"https:\/\/www.kappadev.fr\/htt_old\/wp-json\/wp\/v2\/pages\/3133\/revisions"}],"wp:attachment":[{"href":"https:\/\/www.kappadev.fr\/htt_old\/wp-json\/wp\/v2\/media?parent=3133"}],"curies":[{"name":"wp","href":"https:\/\/api.w.org\/{rel}","templated":true}]}}