{"id":2649,"date":"2020-04-22T15:05:52","date_gmt":"2020-04-22T15:05:52","guid":{"rendered":"https:\/\/www.kappadev.fr\/htt_old\/?page_id=2649"},"modified":"2021-03-29T15:04:53","modified_gmt":"2021-03-29T15:04:53","slug":"stage-enduro-queyras","status":"publish","type":"page","link":"https:\/\/www.kappadev.fr\/htt_old\/stage-enduro-queyras\/","title":{"rendered":"ENDURO QUEYRAS"},"content":{"rendered":"\n<h1 class=\"wp-block-heading\"><strong>ENDURO QUEYRAS<\/strong><\/h1>\n\n\n\n<div style=\"height:20px\" aria-hidden=\"true\" class=\"wp-block-spacer\"><\/div>\n\n\n\n<p class=\"has-normal-font-size\"><strong>Sur ce spot mythique d\u2019une montagne encore vierge et intacte, caract\u00e9ris\u00e9 par le flow de ces \u00ab&nbsp;single tracks&nbsp;\u00bb, venez go\u00fbter au plaisir jouissif que seul le pilotage sur un site d\u2019exception peut produire. A consommer sans mod\u00e9ration.<\/strong><\/p>\n\n\n\n<div style=\"height:20px\" aria-hidden=\"true\" class=\"wp-block-spacer\"><\/div>\n\n\n\n<div class=\"wp-block-image\"><figure class=\"aligncenter size-large\"><img loading=\"lazy\" decoding=\"async\" width=\"1024\" height=\"576\" src=\"https:\/\/www.kappadev.fr\/htt_old\/files\/2020\/04\/enduroqueyras-1024x576.jpg\" alt=\"\" class=\"wp-image-2651\" srcset=\"https:\/\/www.kappadev.fr\/htt_old\/files\/2020\/04\/enduroqueyras-1024x576.jpg 1024w, https:\/\/www.kappadev.fr\/htt_old\/files\/2020\/04\/enduroqueyras-300x169.jpg 300w, https:\/\/www.kappadev.fr\/htt_old\/files\/2020\/04\/enduroqueyras-768x432.jpg 768w, https:\/\/www.kappadev.fr\/htt_old\/files\/2020\/04\/enduroqueyras-1536x864.jpg 1536w, https:\/\/www.kappadev.fr\/htt_old\/files\/2020\/04\/enduroqueyras.jpg 1600w\" sizes=\"auto, (max-width: 1024px) 100vw, 1024px\" \/><\/figure><\/div>\n\n\n\n<div style=\"height:42px\" aria-hidden=\"true\" class=\"wp-block-spacer\"><\/div>\n\n\n\n<p class=\"has-normal-font-size\"><strong>Dates :<\/strong> du 13 au 16 Mai<\/p>\n\n\n\n<p class=\"has-normal-font-size\">Nombre de places : 4 minimum \u2013 8 maximum<\/p>\n\n\n\n<p class=\"has-normal-font-size\"><strong>Niveau :<\/strong> \u00catre capable d\u2019encha\u00eener 5 \u00e0 6 heures de ride en montagne<\/p>\n\n\n\n<p class=\"has-normal-font-size\"><strong>Coach :<\/strong> <a href=\"https:\/\/www.kappadev.fr\/htt_old\/l-equipe-2\/\" target=\"_blank\" rel=\"noreferrer noopener\">Moniteur dipl\u00f4m\u00e9 d\u2019Etat <\/a>(membre MCF), sp\u00e9cialiste de la discipline<\/p>\n\n\n\n<p class=\"has-normal-font-size\"><strong>Prix pour 4 jours* (comprend l\u2019encadrement et la logistique v\u00e9hicule) : <\/strong>320\u20ac \/pilote<\/p>\n\n\n\n<div style=\"height:20px\" aria-hidden=\"true\" class=\"wp-block-spacer\"><\/div>\n\n\n\n<div class=\"wp-block-image\"><figure class=\"aligncenter size-large\"><a href=\"https:\/\/activiteez.com\/u\/HTT?minisitePref=classic&amp;summary=WEEK%20END%20ENDURO&amp;noSearch=true&amp;hideCategory=true&amp;hideMap=false&amp;noTarget=true&amp;compact=false&amp;permanent=false&amp;category=vtt\"><img loading=\"lazy\" decoding=\"async\" width=\"243\" height=\"44\" src=\"https:\/\/www.kappadev.fr\/htt_old\/files\/2020\/04\/resa-bouton.png\" alt=\"\" class=\"wp-image-2607\" \/><\/a><\/figure><\/div>\n\n\n\n<div style=\"height:20px\" aria-hidden=\"true\" class=\"wp-block-spacer\"><\/div>\n\n\n\n<p><em>*Le mat\u00e9riel (v\u00e9lo et protections), le repas, et l\u2019h\u00e9bergement ne sont pas inclus<\/em><\/p>\n","protected":false},"excerpt":{"rendered":"<p>ENDURO QUEYRAS Sur ce spot mythique d\u2019une montagne encore vierge et intacte, caract\u00e9ris\u00e9 par le flow de ces \u00ab&nbsp;single tracks&nbsp;\u00bb, venez go\u00fbter au plaisir jouissif que seul le pilotage sur un site d\u2019exception peut produire. A consommer sans mod\u00e9ration. Dates : du 13 au 16 Mai Nombre de places : 4 minimum \u2013 8 maximum Niveau : \u00catre capable d\u2019encha\u00eener 5 \u00e0 6 heures de ride en montagne Coach : Moniteur dipl\u00f4m\u00e9 d\u2019Etat (membre MCF), sp\u00e9cialiste de la discipline Prix pour 4 jours* (comprend l\u2019encadrement et la logistique v\u00e9hicule) : 320\u20ac \/pilote *Le mat\u00e9riel (v\u00e9lo et protections), le repas, etRead more<\/p>\n","protected":false},"author":62,"featured_media":0,"parent":0,"menu_order":0,"comment_status":"closed","ping_status":"closed","template":"","meta":{"footnotes":""},"class_list":["post-2649","page","type-page","status-publish","hentry"],"_links":{"self":[{"href":"https:\/\/www.kappadev.fr\/htt_old\/wp-json\/wp\/v2\/pages\/2649","targetHints":{"allow":["GET"]}}],"collection":[{"href":"https:\/\/www.kappadev.fr\/htt_old\/wp-json\/wp\/v2\/pages"}],"about":[{"href":"https:\/\/www.kappadev.fr\/htt_old\/wp-json\/wp\/v2\/types\/page"}],"author":[{"embeddable":true,"href":"https:\/\/www.kappadev.fr\/htt_old\/wp-json\/wp\/v2\/users\/62"}],"replies":[{"embeddable":true,"href":"https:\/\/www.kappadev.fr\/htt_old\/wp-json\/wp\/v2\/comments?post=2649"}],"version-history":[{"count":0,"href":"https:\/\/www.kappadev.fr\/htt_old\/wp-json\/wp\/v2\/pages\/2649\/revisions"}],"wp:attachment":[{"href":"https:\/\/www.kappadev.fr\/htt_old\/wp-json\/wp\/v2\/media?parent=2649"}],"curies":[{"name":"wp","href":"https:\/\/api.w.org\/{rel}","templated":true}]}}