{"id":2007,"date":"2015-03-05T11:06:51","date_gmt":"2015-03-05T11:06:51","guid":{"rendered":"https:\/\/www.kappadev.fr\/htt_old\/?page_id=2007"},"modified":"2020-06-30T10:26:43","modified_gmt":"2020-06-30T10:26:43","slug":"stage-all-mountain-camp","status":"publish","type":"page","link":"https:\/\/www.kappadev.fr\/htt_old\/stage-all-mountain-camp\/","title":{"rendered":"All Mountain Camp &#8211; Niveau ***"},"content":{"rendered":"\n<h1 class=\"wp-block-heading\"><strong>ALL MOUNTAIN CAMP \u2013 NIVEAU ***<\/strong><\/h1>\n\n\n\n<div style=\"height:20px\" aria-hidden=\"true\" class=\"wp-block-spacer\"><\/div>\n\n\n\n<p class=\"has-normal-font-size\"><strong>D\u00e9couvrez les plus beaux spots des Hautes-Alpes lors d\u2019un s\u00e9jour VTT de 3 jours et 2 nuits au c\u0153ur du d\u00e9partement. Dans le cadre somptueux du <a href=\"http:\/\/www.chateaularobeyere.com\" target=\"_blank\" rel=\"noreferrer noopener\">Ch\u00e2teau de la Robey\u00e8re<\/a>, trouvez tout le confort et la d\u00e9tente n\u00e9cessaire \u00e0 une bonne r\u00e9cup\u00e9ration apr\u00e8s de belles journ\u00e9es de ride.<\/strong><\/p>\n\n\n\n<p class=\"has-normal-font-size\">Niveau du pratiquant : S\u00e9jour destin\u00e9 aux v\u00e9t\u00e9tistes confirm\u00e9s \u00e0 expert, capable d\u2019effectuer des sorties d\u2019environ 7h00 de VTT avec une d\u00e9nivel\u00e9e positive d\u2019environ 1500m par jour.<\/p>\n\n\n\n<p class=\"has-normal-font-size\">Nombre de places&nbsp;: 5 personnes minimum \u2013 8 personnes maximum<\/p>\n\n\n\n<div class=\"wp-block-image\"><figure class=\"aligncenter size-large\"><img loading=\"lazy\" decoding=\"async\" width=\"1024\" height=\"683\" src=\"https:\/\/www.kappadev.fr\/htt_old\/files\/2015\/03\/all-mountain1-1024x683.jpg\" alt=\"\" class=\"wp-image-1992\" srcset=\"https:\/\/www.kappadev.fr\/htt_old\/files\/2015\/03\/all-mountain1-1024x683.jpg 1024w, https:\/\/www.kappadev.fr\/htt_old\/files\/2015\/03\/all-mountain1-300x200.jpg 300w\" sizes=\"auto, (max-width: 1024px) 100vw, 1024px\" \/><\/figure><\/div>\n\n\n\n<h3 class=\"wp-block-heading\"><strong>Jour 1&nbsp;:<\/strong><\/h3>\n\n\n\n<p class=\"has-normal-font-size\">Journ\u00e9e de prise de contact. Partez \u00e0 la conqu\u00eates des plus beaux spots de l\u2019Embrunais.<\/p>\n\n\n\n<p class=\"has-normal-font-size\">Avec un casse-croute dans le sac pour le repas du midi, quittez le ch\u00e2teau \u00e0 la d\u00e9couverte de l\u2019ensemble du panel physique et technique n\u00e9cessaire \u00e0 une \u00e9volution en montagne. Environ 6h00 de VTT avec possibilit\u00e9s de portages, passage d\u2019\u00e9pingles, single tracks, cr\u00eates\u2026<\/p>\n\n\n\n<p class=\"has-normal-font-size\">Soir\u00e9e : D\u00e9tente dans le cadre majestueux du ch\u00e2teau, ap\u00e9ritif, repas et une conne nuit de sommeil<\/p>\n\n\n<p>[vc_separator]<\/p>\n\n\n\n<h3 class=\"wp-block-heading\"><strong>Jour 2&nbsp;:<\/strong><\/h3>\n\n\n\n<p class=\"has-normal-font-size\">En route vers le Haut Brian\u00e7onnais et ses single tracks en balcon.<\/p>\n\n\n\n<p class=\"has-normal-font-size\">Pour ajouter un peu de piment \u00e0 cette journ\u00e9e exceptionnelle, des merveilles de pilotage et une atmosph\u00e8re a\u00e9rienne \u00e0 pr\u00e9voir&nbsp;! Environ 7h00 de v\u00e9lo de montagne dans des paysages sauvages et lointains.<\/p>\n\n\n\n<p class=\"has-normal-font-size\">Soir\u00e9e : Retour au ch\u00e2teau et d\u00e9tente dans un cadre merveilleux<\/p>\n\n\n<p>[vc_separator]<\/p>\n\n\n\n<h3 class=\"wp-block-heading\"><strong>Jour 3&nbsp;:<\/strong><\/h3>\n\n\n\n<p class=\"has-normal-font-size\">Derni\u00e8re journ\u00e9e merveilleuse avec planning \u00e0 composer avec les attentes de l\u2019ensemble du groupe. Evolution possible dans les hautes vall\u00e9es du Queyras ou vers l\u2019Embrunais et ses singles surplombant le lac de Serre-Pon\u00e7on. Encore une journ\u00e9e o\u00f9 l\u2019expression \u00ab&nbsp;All Mountain \u00bb prendra tout son sens&nbsp;!<\/p>\n\n\n\n<figure class=\"wp-block-gallery columns-3 is-cropped wp-block-gallery-1 is-layout-flex wp-block-gallery-is-layout-flex\"><ul class=\"blocks-gallery-grid\"><li class=\"blocks-gallery-item\"><figure><img loading=\"lazy\" decoding=\"async\" width=\"1024\" height=\"683\" src=\"https:\/\/www.kappadev.fr\/htt_old\/files\/2015\/03\/all-mountain4-1024x683.jpg\" alt=\"\" data-id=\"1997\" data-full-url=\"https:\/\/www.kappadev.fr\/htt_old\/files\/2015\/03\/all-mountain4.jpg\" data-link=\"https:\/\/www.kappadev.fr\/htt_old\/all-mountain4\/\" class=\"wp-image-1997\" srcset=\"https:\/\/www.kappadev.fr\/htt_old\/files\/2015\/03\/all-mountain4-1024x683.jpg 1024w, https:\/\/www.kappadev.fr\/htt_old\/files\/2015\/03\/all-mountain4-300x200.jpg 300w\" sizes=\"auto, (max-width: 1024px) 100vw, 1024px\" \/><\/figure><\/li><li class=\"blocks-gallery-item\"><figure><img loading=\"lazy\" decoding=\"async\" width=\"1024\" height=\"682\" src=\"https:\/\/www.kappadev.fr\/htt_old\/files\/2015\/03\/all-mountain3-1024x682.jpg\" alt=\"\" data-id=\"1996\" data-full-url=\"https:\/\/www.kappadev.fr\/htt_old\/files\/2015\/03\/all-mountain3.jpg\" data-link=\"https:\/\/www.kappadev.fr\/htt_old\/all-mountain3\/\" class=\"wp-image-1996\" srcset=\"https:\/\/www.kappadev.fr\/htt_old\/files\/2015\/03\/all-mountain3-1024x682.jpg 1024w, https:\/\/www.kappadev.fr\/htt_old\/files\/2015\/03\/all-mountain3-300x200.jpg 300w, https:\/\/www.kappadev.fr\/htt_old\/files\/2015\/03\/all-mountain3.jpg 2000w\" sizes=\"auto, (max-width: 1024px) 100vw, 1024px\" \/><\/figure><\/li><li class=\"blocks-gallery-item\"><figure><img loading=\"lazy\" decoding=\"async\" width=\"1024\" height=\"683\" src=\"https:\/\/www.kappadev.fr\/htt_old\/files\/2015\/03\/all-mountain2-1024x683.jpg\" alt=\"\" data-id=\"1995\" data-full-url=\"https:\/\/www.kappadev.fr\/htt_old\/files\/2015\/03\/all-mountain2.jpg\" data-link=\"https:\/\/www.kappadev.fr\/htt_old\/all-mountain2\/\" class=\"wp-image-1995\" srcset=\"https:\/\/www.kappadev.fr\/htt_old\/files\/2015\/03\/all-mountain2-1024x683.jpg 1024w, https:\/\/www.kappadev.fr\/htt_old\/files\/2015\/03\/all-mountain2-300x200.jpg 300w\" sizes=\"auto, (max-width: 1024px) 100vw, 1024px\" \/><\/figure><\/li><\/ul><\/figure>\n\n\n<p>[vc_separator]<\/p>\n\n\n\n<p class=\"has-normal-font-size\"><strong>Tarifs*&nbsp;:<\/strong><\/p>\n\n\n\n<ul class=\"wp-block-list\"><li>3 jours \u2013 2 nuits en chambre double&nbsp;: 375\u20ac \/personne<\/li><li>3 jours \u2013 2 nuits en chambre individuelle&nbsp;: 465\u20ac \/personne<\/li><li>Arriv\u00e9e la veille&nbsp;: 79\u20ac \/personne en chambre double \u2013 95\u20ac \/personne en chambre individuelle avec petit d\u00e9jeuner.<\/li><li>Suppl\u00e9ment location VTT Enduro Giant Trance&nbsp;: 35\u20ac \/jour<\/li><\/ul>\n\n\n\n<div style=\"height:20px\" aria-hidden=\"true\" class=\"wp-block-spacer\"><\/div>\n\n\n\n<div style=\"height:20px\" aria-hidden=\"true\" class=\"wp-block-spacer\"><\/div>\n\n\n\n<p><em>*Inclus dans le prix :<\/em><\/p>\n\n\n\n<ul class=\"wp-block-list\"><li><em>Encadrement par un moniteur\/guide dipl\u00f4m\u00e9 d\u2019Etat<\/em><\/li><li><em>Transferts en minibus sur le site de pratique<\/em><\/li><li><em>N\u00e9cessaire de r\u00e9paration g\u00e9r\u00e9 par le moniteur (pour les v\u00e9los de location)<\/em><\/li><li><em>H\u00e9bergement en pension compl\u00e8te au <a href=\"http:\/\/chateaularobeyere.com\" target=\"_blank\" rel=\"noreferrer noopener\">Ch\u00e2teau de la Robey\u00e8re<\/a> avec acc\u00e8s \u00e0 l\u2019espace bien-\u00eatre (sur-classement chambre selon disponibilit\u00e9)<\/em><\/li><li><em>D\u00e9jeuner du premier jour au ch\u00e2teau, pique-niques les deux jours suivants<\/em><\/li><li><em>Mention \u00ab&nbsp;Vid\u00e9o souvenir offerte&nbsp;\u00bb non-contractuelle&nbsp;: en cas de probl\u00e8me technique la vid\u00e9o ne pourra \u00eatre fournie<\/em><\/li><\/ul>\n","protected":false},"excerpt":{"rendered":"<p>ALL MOUNTAIN CAMP \u2013 NIVEAU *** D\u00e9couvrez les plus beaux spots des Hautes-Alpes lors d\u2019un s\u00e9jour VTT de 3 jours et 2 nuits au c\u0153ur du d\u00e9partement. Dans le cadre somptueux du Ch\u00e2teau de la Robey\u00e8re, trouvez tout le confort et la d\u00e9tente n\u00e9cessaire \u00e0 une bonne r\u00e9cup\u00e9ration apr\u00e8s de belles journ\u00e9es de ride. Niveau du pratiquant : S\u00e9jour destin\u00e9 aux v\u00e9t\u00e9tistes confirm\u00e9s \u00e0 expert, capable d\u2019effectuer des sorties d\u2019environ 7h00 de VTT avec une d\u00e9nivel\u00e9e positive d\u2019environ 1500m par jour. Nombre de places&nbsp;: 5 personnes minimum \u2013 8 personnes maximum Jour 1&nbsp;: Journ\u00e9e de prise de contact. Partez \u00e0Read more<\/p>\n","protected":false},"author":6,"featured_media":0,"parent":0,"menu_order":0,"comment_status":"closed","ping_status":"open","template":"","meta":{"footnotes":""},"class_list":["post-2007","page","type-page","status-publish","hentry"],"_links":{"self":[{"href":"https:\/\/www.kappadev.fr\/htt_old\/wp-json\/wp\/v2\/pages\/2007","targetHints":{"allow":["GET"]}}],"collection":[{"href":"https:\/\/www.kappadev.fr\/htt_old\/wp-json\/wp\/v2\/pages"}],"about":[{"href":"https:\/\/www.kappadev.fr\/htt_old\/wp-json\/wp\/v2\/types\/page"}],"author":[{"embeddable":true,"href":"https:\/\/www.kappadev.fr\/htt_old\/wp-json\/wp\/v2\/users\/6"}],"replies":[{"embeddable":true,"href":"https:\/\/www.kappadev.fr\/htt_old\/wp-json\/wp\/v2\/comments?post=2007"}],"version-history":[{"count":0,"href":"https:\/\/www.kappadev.fr\/htt_old\/wp-json\/wp\/v2\/pages\/2007\/revisions"}],"wp:attachment":[{"href":"https:\/\/www.kappadev.fr\/htt_old\/wp-json\/wp\/v2\/media?parent=2007"}],"curies":[{"name":"wp","href":"https:\/\/api.w.org\/{rel}","templated":true}]}}

<h1 class="wp-block-heading"><strong>ALL MOUNTAIN CAMP – NIVEAU ***</strong></h1>



<div style="height:20px" aria-hidden="true" class="wp-block-spacer"></div>



<p class="has-normal-font-size"><strong>Découvrez les plus beaux spots des Hautes-Alpes lors d’un séjour VTT de 3 jours et 2 nuits au cœur du département. Dans le cadre somptueux du <a href="http://www.chateaularobeyere.com" target="_blank" rel="noreferrer noopener">Château de la Robeyère</a>, trouvez tout le confort et la détente nécessaire à une bonne récupération après de belles journées de ride.</strong></p>



<p class="has-normal-font-size">Niveau du pratiquant : Séjour destiné aux vététistes confirmés à expert, capable d’effectuer des sorties d’environ 7h00 de VTT avec une dénivelée positive d’environ 1500m par jour.</p>



<p class="has-normal-font-size">Nombre de places&nbsp;: 5 personnes minimum – 8 personnes maximum</p>



<div class="wp-block-image"><figure class="aligncenter size-large"><img loading="lazy" decoding="async" width="1024" height="683" src="https://www.kappadev.fr/htt_old/files/2015/03/all-mountain1-1024x683.jpg" alt="" class="wp-image-1992" srcset="https://www.kappadev.fr/htt_old/files/2015/03/all-mountain1-1024x683.jpg 1024w, https://www.kappadev.fr/htt_old/files/2015/03/all-mountain1-300x200.jpg 300w" sizes="auto, (max-width: 1024px) 100vw, 1024px" /></figure></div>



<h3 class="wp-block-heading"><strong>Jour 1&nbsp;:</strong></h3>



<p class="has-normal-font-size">Journée de prise de contact. Partez à la conquêtes des plus beaux spots de l’Embrunais.</p>



<p class="has-normal-font-size">Avec un casse-croute dans le sac pour le repas du midi, quittez le château à la découverte de l’ensemble du panel physique et technique nécessaire à une évolution en montagne. Environ 6h00 de VTT avec possibilités de portages, passage d’épingles, single tracks, crêtes…</p>



<p class="has-normal-font-size">Soirée : Détente dans le cadre majestueux du château, apéritif, repas et une conne nuit de sommeil</p>


<p>[vc_separator]</p>



<h3 class="wp-block-heading"><strong>Jour 2&nbsp;:</strong></h3>



<p class="has-normal-font-size">En route vers le Haut Briançonnais et ses single tracks en balcon.</p>



<p class="has-normal-font-size">Pour ajouter un peu de piment à cette journée exceptionnelle, des merveilles de pilotage et une atmosphère aérienne à prévoir&nbsp;! Environ 7h00 de vélo de montagne dans des paysages sauvages et lointains.</p>



<p class="has-normal-font-size">Soirée : Retour au château et détente dans un cadre merveilleux</p>


<p>[vc_separator]</p>



<h3 class="wp-block-heading"><strong>Jour 3&nbsp;:</strong></h3>



<p class="has-normal-font-size">Dernière journée merveilleuse avec planning à composer avec les attentes de l’ensemble du groupe. Evolution possible dans les hautes vallées du Queyras ou vers l’Embrunais et ses singles surplombant le lac de Serre-Ponçon. Encore une journée où l’expression «&nbsp;All Mountain » prendra tout son sens&nbsp;!</p>



<figure class="wp-block-gallery columns-3 is-cropped wp-block-gallery-1 is-layout-flex wp-block-gallery-is-layout-flex"><ul class="blocks-gallery-grid"><li class="blocks-gallery-item"><figure><img loading="lazy" decoding="async" width="1024" height="683" src="https://www.kappadev.fr/htt_old/files/2015/03/all-mountain4-1024x683.jpg" alt="" data-id="1997" data-full-url="https://www.kappadev.fr/htt_old/files/2015/03/all-mountain4.jpg" data-link="https://www.kappadev.fr/htt_old/all-mountain4/" class="wp-image-1997" srcset="https://www.kappadev.fr/htt_old/files/2015/03/all-mountain4-1024x683.jpg 1024w, https://www.kappadev.fr/htt_old/files/2015/03/all-mountain4-300x200.jpg 300w" sizes="auto, (max-width: 1024px) 100vw, 1024px" /></figure></li><li class="blocks-gallery-item"><figure><img loading="lazy" decoding="async" width="1024" height="682" src="https://www.kappadev.fr/htt_old/files/2015/03/all-mountain3-1024x682.jpg" alt="" data-id="1996" data-full-url="https://www.kappadev.fr/htt_old/files/2015/03/all-mountain3.jpg" data-link="https://www.kappadev.fr/htt_old/all-mountain3/" class="wp-image-1996" srcset="https://www.kappadev.fr/htt_old/files/2015/03/all-mountain3-1024x682.jpg 1024w, https://www.kappadev.fr/htt_old/files/2015/03/all-mountain3-300x200.jpg 300w, https://www.kappadev.fr/htt_old/files/2015/03/all-mountain3.jpg 2000w" sizes="auto, (max-width: 1024px) 100vw, 1024px" /></figure></li><li class="blocks-gallery-item"><figure><img loading="lazy" decoding="async" width="1024" height="683" src="https://www.kappadev.fr/htt_old/files/2015/03/all-mountain2-1024x683.jpg" alt="" data-id="1995" data-full-url="https://www.kappadev.fr/htt_old/files/2015/03/all-mountain2.jpg" data-link="https://www.kappadev.fr/htt_old/all-mountain2/" class="wp-image-1995" srcset="https://www.kappadev.fr/htt_old/files/2015/03/all-mountain2-1024x683.jpg 1024w, https://www.kappadev.fr/htt_old/files/2015/03/all-mountain2-300x200.jpg 300w" sizes="auto, (max-width: 1024px) 100vw, 1024px" /></figure></li></ul></figure>


<p>[vc_separator]</p>



<p class="has-normal-font-size"><strong>Tarifs*&nbsp;:</strong></p>



<ul class="wp-block-list"><li>3 jours – 2 nuits en chambre double&nbsp;: 375€ /personne</li><li>3 jours – 2 nuits en chambre individuelle&nbsp;: 465€ /personne</li><li>Arrivée la veille&nbsp;: 79€ /personne en chambre double – 95€ /personne en chambre individuelle avec petit déjeuner.</li><li>Supplément location VTT Enduro Giant Trance&nbsp;: 35€ /jour</li></ul>



<div style="height:20px" aria-hidden="true" class="wp-block-spacer"></div>



<div style="height:20px" aria-hidden="true" class="wp-block-spacer"></div>



<p><em>*Inclus dans le prix :</em></p>



<ul class="wp-block-list"><li><em>Encadrement par un moniteur/guide diplômé d’Etat</em></li><li><em>Transferts en minibus sur le site de pratique</em></li><li><em>Nécessaire de réparation géré par le moniteur (pour les vélos de location)</em></li><li><em>Hébergement en pension complète au <a href="http://chateaularobeyere.com" target="_blank" rel="noreferrer noopener">Château de la Robeyère</a> avec accès à l’espace bien-être (sur-classement chambre selon disponibilité)</em></li><li><em>Déjeuner du premier jour au château, pique-niques les deux jours suivants</em></li><li><em>Mention «&nbsp;Vidéo souvenir offerte&nbsp;» non-contractuelle&nbsp;: en cas de problème technique la vidéo ne pourra être fournie</em></li></ul>

<p>ALL MOUNTAIN CAMP – NIVEAU *** Découvrez les plus beaux spots des Hautes-Alpes lors d’un séjour VTT de 3 jours et 2 nuits au cœur du département. Dans le cadre somptueux du Château de la Robeyère, trouvez tout le confort et la détente nécessaire à une bonne récupération après de belles journées de ride. Niveau du pratiquant : Séjour destiné aux vététistes confirmés à expert, capable d’effectuer des sorties d’environ 7h00 de VTT avec une dénivelée positive d’environ 1500m par jour. Nombre de places&nbsp;: 5 personnes minimum – 8 personnes maximum Jour 1&nbsp;: Journée de prise de contact. Partez àRead more</p>
