{"id":154,"date":"2011-04-07T11:33:21","date_gmt":"2011-04-07T09:33:21","guid":{"rendered":"https:\/\/www.kappadev.fr\/htt_old\/?page_id=154"},"modified":"2015-03-02T14:06:34","modified_gmt":"2015-03-02T14:06:34","slug":"photos-videos","status":"publish","type":"page","link":"https:\/\/www.kappadev.fr\/htt_old\/photos-videos\/","title":{"rendered":"PHOTOS &amp; VID\u00c9OS"},"content":{"rendered":"<p>PR\u00c9SENTATION DE L&rsquo;\u00c9COLE EN VID\u00c9O :<br \/>\n<iframe loading=\"lazy\" width=\"860\" height=\"484\" src=\"https:\/\/www.youtube.com\/embed\/j282DSLCuKg?feature=oembed\" frameborder=\"0\" allowfullscreen><\/iframe><\/p>\n<p>STAGES ADO :<br \/>\n<iframe loading=\"lazy\" width=\"860\" height=\"484\" src=\"https:\/\/www.youtube.com\/embed\/4DFjzsa2pIw?feature=oembed\" frameborder=\"0\" allowfullscreen><\/iframe><\/p>\n<p>STAGES ADULTES :<br \/>\n<iframe loading=\"lazy\" width=\"860\" height=\"484\" src=\"https:\/\/www.youtube.com\/embed\/ketcX-srQA8?feature=oembed\" frameborder=\"0\" allowfullscreen><\/iframe><\/p>\n<p>STAGES VTT KID&rsquo;S :<br \/>\n<iframe loading=\"lazy\" width=\"860\" height=\"484\" src=\"https:\/\/www.youtube.com\/embed\/P0N6m8OezUU?feature=oembed\" frameborder=\"0\" allowfullscreen><\/iframe><\/p>\n<p>RANDO &amp; BALADE :<br \/>\n<iframe loading=\"lazy\" width=\"860\" height=\"484\" src=\"https:\/\/www.youtube.com\/embed\/Y7YfVjgk-Yc?feature=oembed\" frameborder=\"0\" allowfullscreen><\/iframe><\/p>\n<p>STAGES ENFANTS :<br \/>\n<iframe loading=\"lazy\" width=\"860\" height=\"484\" src=\"https:\/\/www.youtube.com\/embed\/FI4HpQ-53qs?feature=oembed\" frameborder=\"0\" allowfullscreen><\/iframe><\/p>\n","protected":false},"excerpt":{"rendered":"<p>PR\u00c9SENTATION DE L&rsquo;\u00c9COLE EN VID\u00c9O : STAGES ADO : STAGES ADULTES : STAGES VTT KID&rsquo;S : RANDO &amp; BALADE : STAGES ENFANTS :<\/p>\n","protected":false},"author":6,"featured_media":0,"parent":0,"menu_order":0,"comment_status":"closed","ping_status":"open","template":"template-portfolio.php","meta":{"footnotes":""},"class_list":["post-154","page","type-page","status-publish","hentry"],"_links":{"self":[{"href":"https:\/\/www.kappadev.fr\/htt_old\/wp-json\/wp\/v2\/pages\/154","targetHints":{"allow":["GET"]}}],"collection":[{"href":"https:\/\/www.kappadev.fr\/htt_old\/wp-json\/wp\/v2\/pages"}],"about":[{"href":"https:\/\/www.kappadev.fr\/htt_old\/wp-json\/wp\/v2\/types\/page"}],"author":[{"embeddable":true,"href":"https:\/\/www.kappadev.fr\/htt_old\/wp-json\/wp\/v2\/users\/6"}],"replies":[{"embeddable":true,"href":"https:\/\/www.kappadev.fr\/htt_old\/wp-json\/wp\/v2\/comments?post=154"}],"version-history":[{"count":0,"href":"https:\/\/www.kappadev.fr\/htt_old\/wp-json\/wp\/v2\/pages\/154\/revisions"}],"wp:attachment":[{"href":"https:\/\/www.kappadev.fr\/htt_old\/wp-json\/wp\/v2\/media?parent=154"}],"curies":[{"name":"wp","href":"https:\/\/api.w.org\/{rel}","templated":true}]}}